
Is 607336907 composite?
True
Is 271656521 prime?
True
Is 21615368447 prime?
True
Is 21680664767 a prime number?
False
Is 66656839 a prime number?
False
Is 294704831 composite?
False
Is 792057209 a composite number?
True
Is 1738469427 a prime number?
False
Is 29950969099 a prime number?
False
Is 2402365517 prime?
True
Is 82852212407 a composite number?
False
Is 1601173399 composite?
True
Is 18903250967 prime?
True
Is 3484542497 prime?
False
Is 1550360437 prime?
False
Is 20450670343 prime?
True
Is 1269929303 prime?
True
Is 53241280402 a composite number?
True
Is 14592762361 prime?
True
Is 478584311 a composite number?
False
Is 448945961 a composite number?
False
Is 16388136521 composite?
True
Is 973044373 composite?
True
Is 11026843907 a composite number?
False
Is 1512878023 prime?
False
Is 126915509341 a composite number?
False
Is 4561180727 a composite number?
False
Is 5963827549 a composite number?
True
Is 240634554437 composite?
True
Is 7695964765 a composite number?
True
Is 42531294079 composite?
False
Is 818822557 composite?
True
Is 111954158123 a prime number?
False
Is 86898157331 composite?
False
Is 9240643 composite?
False
Is 8468084297 composite?
True
Is 286739293 composite?
False
Is 1247216267 prime?
False
Is 339173323 composite?
False
Is 1108264081 prime?
True
Is 9413034655 composite?
True
Is 11987797187 a composite number?
False
Is 945830791 prime?
False
Is 31747959339 a composite number?
True
Is 34935394751 a prime number?
True
Is 6621080027 a prime number?
True
Is 525256153 prime?
True
Is 121567951 composite?
False
Is 16712500579 prime?
True
Is 8014720499 composite?
True
Is 106746217037 a composite number?
False
Is 23734003009 prime?
True
Is 15018161 composite?
False
Is 859093329 a composite number?
True
Is 14143586399 a prime number?
True
Is 155249791793 a composite number?
True
Is 23523152459 prime?
True
Is 339553607 prime?
False
Is 48545288191 prime?
True
Is 248921281394 a prime number?
False
Is 24273051731 composite?
False
Is 19134317291 a prime number?
False
Is 420466159 a composite number?
False
Is 66492556789 prime?
True
Is 80153696251 a composite number?
True
Is 16232559779 a prime number?
False
Is 45288844153 composite?
True
Is 1106633453 composite?
True
Is 39972887 a prime number?
True
Is 36792113077 a composite number?
True
Is 105390503 a prime number?
False
Is 192100847 composite?
False
Is 60435850031 a prime number?
True
Is 350052743 prime?
True
Is 4249567691 a composite number?
True
Is 210602141 a composite number?
True
Is 26463599707 a composite number?
True
Is 14867049913 composite?
False
Is 826261193 composite?
True
Is 823127497 a prime number?
False
Is 39234965411 a prime number?
True
Is 6900981729 a prime number?
False
Is 1372272563 prime?
False
Is 59013319283 composite?
False
Is 2913428891 a composite number?
False
Is 84262718843 a composite number?
False
Is 66957929267 a prime number?
True
Is 348511906459 a composite number?
False
Is 3847448015 a prime number?
False
Is 3059198497 a prime number?
False
Is 20608573627 a composite number?
False
Is 50606424071 a composite number?
True
Is 23224213195 a composite number?
True
Is 139900253381 a prime number?
False
Is 3529094069 prime?
True
Is 2795066039 composite?
False
Is 606412819 prime?
True
Is 647145236299 a composite number?
False
Is 355810927 a prime number?
True
Is 15186478079 composite?
True
Is 216539579947 a prime number?
False
Is 52398223 composite?
False
Is 18520739 composite?
True
Is 2360240921 composite?
False
Is 7113355121 composite?
False
Is 16937214037 a composite number?
True
Is 1175046293 a prime number?
True
Is 21359049717 a composite number?
True
Is 60408317351 a composite number?
True
Is 220668053 a composite number?
True
Is 17003088757 a prime number?
True
Is 5641130399 a prime number?
False
Is 25935525877 composite?
True
Is 93850925629 prime?
False
Is 333540569 a composite number?
False
Is 15734627 composite?
True
Is 163322909 a composite number?
True
Is 1159197593 composite?
False
Is 13745646841 prime?
True
Is 4270018679 a composite number?
False
Is 1760756593 composite?
False
Is 16553593699 a prime number?
False
Is 10443840487 composite?
False
Is 2950769447 composite?
False
Is 1926598847 composite?
True
Is 8783018801 a prime number?
True
Is 18027812867 prime?
False
Is 45107029861 a composite number?
False
Is 7861788521 a prime number?
True
Is 3912279097 composite?
True
Is 486812411 a composite number?
True
Is 12971003657 a composite number?
True
Is 14136927803 a prime number?
False
Is 2713853 prime?
True
Is 12290979191 a prime number?
True
Is 72279897617 a composite number?
True
Is 151294400501 a prime number?
True
Is 1749207763 a prime number?
False
Is 16577417479 composite?
True
Is 7533812302 prime?
False
Is 3663024463 a composite number?
True
Is 15048233117 a composite number?
False
Is 5383650203 a prime number?
False
Is 12421964635 prime?
False
Is 12239742205 a prime number?
False
Is 21525690673 a composite number?
True
Is 192314813809 prime?
True
Is 12545876899 prime?
True
Is 1688034199 a prime number?
True
Is 25607365783 composite?
True
Is 440253049 a prime number?
False
Is 2909211121 prime?
False
Is 221741503 a composite number?
False
Is 300799463 a composite number?
False
Is 19820410033 composite?
True
Is 1544508445 prime?
False
Is 1729854699 prime?
False
Is 1404239383 a prime number?
True
Is 2691565819 prime?
False
Is 106392641 prime?
False
Is 434904341 prime?
True
Is 43712688739 prime?
True
Is 1097599567 a prime number?
False
Is 2731832923 a prime number?
False
Is 21495123977 composite?
True
Is 324136871 a composite number?
False
Is 331989227 a composite number?
True
Is 209609924423 a composite number?
False
Is 41250483941 prime?
True
Is 18556723789 prime?
True
Is 54971944831 prime?
True
Is 812836961 composite?
False
Is 1010895661 a composite number?
True
Is 4217222083 prime?
False
Is 10338330187 a prime number?
True
Is 2124646271 a composite number?
True
Is 32600966027 a composite number?
True
Is 65129759077 prime?
True
Is 2710133791 a prime number?
True
Is 1117471213 prime?
False
Is 57222142157 prime?
True
Is 3180363497 composite?
False
Is 74957945437 composite?
True
Is 6803187637 a composite number?
False
Is 1734225359 a prime number?
True
Is 656353013 composite?
False
Is 1909278781 a prime number?
True
Is 17627761301 a prime number?
False
Is 26589683749 a composite number?
False
Is 176594298823 prime?
False
Is 523481363 a composite number?
True
Is 7757354701 composite?
False
Is 705112099 a composite number?
False
Is 120502927843 composite?
True
Is 142293547153 prime?
False
Is 480097747 a prime number?
True
Is 16447239637 composite?
True
Is 79935865 a composite number?
True
Is 23244097087 composite?
False
Is 690810074 a prime number?
False
Is 2436351286 a prime number?
False
Is 1050563771 prime?
False
Is 7416995687 composite?
True
Is 1070518591 prime?
True
Is 695452993 a prime number?
False
Is 4346225591 a composite number?
False
Is 96116261 prime?
True
Is 38924373809 a composite number?
True
Is 64958975097 prime?
False
Is 5362198679 a prime number?
False
Is 51344230829 a prime number?
False
Is 132341378293 a prime number?
False
Is 26949545369 a composite number?
False
Is 993342413 composite?
True
Is 3025352833 a prime number?
True
Is 1005543085 prime?
False
Is 76493101057 a composite number?
True
Is 915418501 composite?
False
Is 8429203727 a prime number?
False
Is 19125330961 a prime number?
False
Is 22775867 prime?
True
Is 330703861 a prime number?
False
Is 3205791101 a prime number?
True
Is 1446138913 a composite number?
False
Is 45788696117 a composite number?
True
Is 1600398914 a prime number?
False
Is 41039019097 a composite number?
False
Is 603493327 composite?
False
Is 108248067799 a composite number?
False
Is 522328865 a prime number?
False
Is 23630256461 prime?
False
Is 1939571659 prime?
False
Is 36571086623 prime?
False
Is 386309419 prime?
True
Is 1187766919 a composite number?
False
Is 219520685 a composite number?
True
Is 4385398159 prime?
True
Is 647775661 a prime number?
False
Is 4057675742 a prime number?
False
Is 51251188103 prime?
True
Is 5630221627 composite?
False
Is 274648841 composite?
True
Is 26010630419 composite?
True
Is 11257252315 prime?
False
Is 5759214493 a composite number?
False
Is 938717809 p